{"id":20,"date":"2019-09-15T07:56:14","date_gmt":"2019-09-15T07:56:14","guid":{"rendered":"http:\/\/www.sakamobilya.com.tr\/?page_id=20"},"modified":"2021-03-06T06:11:00","modified_gmt":"2021-03-06T06:11:00","slug":"iletisim","status":"publish","type":"page","link":"https:\/\/mulinohome.com\/?page_id=20","title":{"rendered":"\u0130LET\u0130\u015e\u0130M"},"content":{"rendered":"<div class=\"wpb-content-wrapper\"><p>[vc_row full_width=&#8221;stretch_row_content_no_spaces&#8221; css=&#8221;.vc_custom_1612566677318{margin-top: -50px !important;margin-bottom: -50px !important;padding-right: 25px !important;padding-left: 25px !important;background-color: #fcfcfc !important;}&#8221;][vc_column width=&#8221;1\/6&#8243;][\/vc_column][vc_column width=&#8221;2\/6&#8243; css=&#8221;.vc_custom_1579108548146{padding-right: 15px !important;padding-left: 15px !important;}&#8221;][vc_custom_heading text=&#8221;Fabrika&#8221; font_container=&#8221;tag:h2|font_size:22|text_align:left&#8221; google_fonts=&#8221;font_family:Open%20Sans%3A300%2C300italic%2Cregular%2Citalic%2C600%2C600italic%2C700%2C700italic%2C800%2C800italic|font_style:600%20bold%20regular%3A600%3Anormal&#8221;][vc_column_text]<\/p>\n<table width=\"476\">\n<tbody>\n<tr>\n<td width=\"476\"><strong>Adres<\/strong> : A\u011fa\u00e7 \u0130\u015fleri San. 22. Sokak No : 3<br \/>\n\u0130neg\u00f6l \/ Bursa \/ T\u00fcrkiye<\/td>\n<\/tr>\n<tr>\n<td><strong>Mail<\/strong> : info@mulinohome.com<\/td>\n<\/tr>\n<tr>\n<td><strong>Gsm<\/strong>: +90 551 429 79 10<\/td>\n<\/tr>\n<tr>\n<td><strong>Mail :\u00a0 <\/strong>mulinohome@gmail.com<\/td>\n<\/tr>\n<\/tbody>\n<\/table>\n<p>[\/vc_column_text][\/vc_column][vc_column width=&#8221;2\/6&#8243; css=&#8221;.vc_custom_1579108553813{padding-right: 15px !important;padding-left: 15px !important;}&#8221;][vc_custom_heading text=&#8221;Fabrika Konum&#8221; font_container=&#8221;tag:h2|font_size:22|text_align:left&#8221; google_fonts=&#8221;font_family:Open%20Sans%3A300%2C300italic%2Cregular%2Citalic%2C600%2C600italic%2C700%2C700italic%2C800%2C800italic|font_style:600%20bold%20regular%3A600%3Anormal&#8221;][vc_gmaps link=&#8221;#E-8_JTNDaWZyYW1lJTIwc3JjJTNEJTIyaHR0cHMlM0ElMkYlMkZ3d3cuZ29vZ2xlLmNvbSUyRm1hcHMlMkZlbWJlZCUzRnBiJTNEJTIxMW0xNiUyMTFtMTIlMjExbTMlMjExZDEwNDguNzIzNjg4ODQwMTg1MyUyMTJkMjkuNTM0ODc3NTQzOTY3MTM0JTIxM2Q0MC4wNzE5MzM3OTQ4MTk0MSUyMTJtMyUyMTFmMCUyMTJmMCUyMTNmMCUyMTNtMiUyMTFpMTAyNCUyMTJpNzY4JTIxNGYxMy4xJTIxMm0xJTIxMXpRY1NmWWNPbklNU3d4WjlzWlhKcElGTmhiaTRnTWpJdUlGTnZhMkZySUU1dklEb2dNeURFc0c1bFo4TzJiQ0F2SUVKMWNuTmhJQzhnVk1POGNtdHBlV1UlMjE1ZTAlMjEzbTIlMjExc3RyJTIxMnN0ciUyMTR2MTYxNTAxMjIwMDM4NyUyMTVtMiUyMTFzdHIlMjEyc3RyJTIyJTIwd2lkdGglM0QlMjI2MDAlMjIlMjBoZWlnaHQlM0QlMjIzNTAlMjIlMjBzdHlsZSUzRCUyMmJvcmRlciUzQTAlM0IlMjIlMjBhbGxvd2Z1bGxzY3JlZW4lM0QlMjIlMjIlMjBsb2FkaW5nJTNEJTIybGF6eSUyMiUzRSUzQyUyRmlmcmFtZSUzRQ==&#8221;][\/vc_column][vc_column width=&#8221;1\/6&#8243;][\/vc_column][\/vc_row]<\/p>\n<\/div>","protected":false},"excerpt":{"rendered":"<p>[vc_row full_width=&#8221;stretch_row_content_no_spaces&#8221; css=&#8221;.vc_custom_1612566677318{margin-top: -50px !important;margin-bottom: -50px !important;padding-right: 25px !important;padding-left: 25px !important;background-color: #fcfcfc !important;}&#8221;][vc_column width=&#8221;1\/6&#8243;][\/vc_column][vc_column width=&#8221;2\/6&#8243; css=&#8221;.vc_custom_1579108548146{padding-right: 15px !important;padding-left: 15px !important;}&#8221;][vc_custom_heading<\/p>\n","protected":false},"author":1,"featured_media":0,"parent":0,"menu_order":0,"comment_status":"closed","ping_status":"closed","template":"","meta":{"footnotes":""},"class_list":["post-20","page","type-page","status-publish","hentry"],"_links":{"self":[{"href":"https:\/\/mulinohome.com\/index.php?rest_route=\/wp\/v2\/pages\/20","targetHints":{"allow":["GET"]}}],"collection":[{"href":"https:\/\/mulinohome.com\/index.php?rest_route=\/wp\/v2\/pages"}],"about":[{"href":"https:\/\/mulinohome.com\/index.php?rest_route=\/wp\/v2\/types\/page"}],"author":[{"embeddable":true,"href":"https:\/\/mulinohome.com\/index.php?rest_route=\/wp\/v2\/users\/1"}],"replies":[{"embeddable":true,"href":"https:\/\/mulinohome.com\/index.php?rest_route=%2Fwp%2Fv2%2Fcomments&post=20"}],"version-history":[{"count":68,"href":"https:\/\/mulinohome.com\/index.php?rest_route=\/wp\/v2\/pages\/20\/revisions"}],"predecessor-version":[{"id":5590,"href":"https:\/\/mulinohome.com\/index.php?rest_route=\/wp\/v2\/pages\/20\/revisions\/5590"}],"wp:attachment":[{"href":"https:\/\/mulinohome.com\/index.php?rest_route=%2Fwp%2Fv2%2Fmedia&parent=20"}],"curies":[{"name":"wp","href":"https:\/\/api.w.org\/{rel}","templated":true}]}}